lse
Is 26381002631 prime?
False
Is 1197736121 prime?
False
Is 434149127 a composite number?
True
Is 725737379 a composite number?
True
Is 4079991731 a composite number?
True
Is 11508051889 a prime number?
True
Is 6628359527 composite?
False
Is 1396284689 prime?
False
Is 176756339 a prime number?
True
Is 12370586719 composite?
False
Is 1786605763 a composite number?
True
Is 3947745271 prime?
True
Is 49377857869 a composite number?
True
Is 16647376261 prime?
True
Is 10969763303 a composite number?
True
Is 60118933799 prime?
True
Is 1760701697 a composite number?
True
Is 46151551271 a composite number?
True
Is 1845269353 composite?
False
Is 20240734747 prime?
False
Is 20782814699 prime?
False
Is 1860774869 composite?
True
Is 44519752987 a prime number?
True
Is 9512731249 prime?
False
Is 372667787 prime?
True
Is 717795527 a composite number?
False
Is 3226634057 a composite number?
True
Is 374548907 a prime number?
False
Is 9726541327 a composite number?
False
Is 863102419 a composite number?
False
Is 173890121527 a composite number?
False
Is 26774301602 prime?
False
Is 1280156233 composite?
False
Is 4700230919 composite?
False
Is 11142616081 a composite number?
False
Is 1480485887 prime?
True
Is 571149907 a prime number?
True
Is 478392493 a composite number?
True
Is 8695846883 a composite number?
False
Is 7225129797 composite?
True
Is 7023223127 a prime number?
True
Is 258755537 prime?
True
Is 123357071251 a composite number?
False
Is 7630228553 composite?
False
Is 21033631 prime?
True
Is 71357969 composite?
False
Is 1683473503 composite?
True
Is 6856779593 composite?
False
Is 763124683 a composite number?
True
Is 3262180267 composite?
True
Is 962540465 composite?
True
Is 783130241 composite?
False
Is 51183019843 prime?
True
Is 4243370539 a prime number?
True
Is 29849257439 a prime number?
True
Is 2508402049 prime?
False
Is 701093807 a prime number?
False
Is 3534964709 a composite number?
False
Is 43822159883 a composite number?
True
Is 67433179163 a prime number?
False
Is 7094881 a prime number?
True
Is 91193801 a prime number?
False
Is 12097215437 composite?
False
Is 3425803019 composite?
True
Is 447190339 composite?
True
Is 118193970539 a prime number?
True
Is 1656266897 composite?
True
Is 18907992661 a prime number?
False
Is 1452736457 a composite number?
False
Is 849288827 a prime number?
False
Is 75802899937 composite?
False
Is 1883432839 composite?
True
Is 3456527071 a prime number?
False
Is 14190937073 a prime number?
True
Is 874120277 a composite number?
False
Is 382099967 prime?
True
Is 45213335103 a composite number?
True
Is 90494946679 a composite number?
False
Is 143308771 a prime number?
False
Is 5733016711 composite?
False
Is 1385279647 prime?
True
Is 1288452677 prime?
True
Is 33128971543 a composite number?
True
Is 646480433 a composite number?
True
Is 228871711 a composite number?
False
Is 1283088865 a prime number?
False
Is 653982751 a composite number?
False
Is 272650018843 a prime number?
True
Is 301572053 prime?
False
Is 1850915057 a composite number?
False
Is 705505547 a prime number?
True
Is 31176271013 a composite number?
False
Is 647579371 a composite number?
True
Is 8417614874 a composite number?
True
Is 5032781 composite?
True
Is 8602952809 a prime number?
False
Is 1112723329 a composite number?
False
Is 715128697 prime?
False
Is 17183344463 a composite number?
True
Is 46329814241 a prime number?
True
Is 1179389027 a composite number?
False
Is 83215965757 composite?
False
Is 1590277685 composite?
True
Is 4564926961 a composite number?
True
Is 5192121183 prime?
False
Is 18478827253 prime?
True
Is 825165937 prime?
False
Is 568737913 a composite number?
False
Is 1197639257 composite?
True
Is 164390659 a prime number?
True
Is 8563148677 prime?
False
Is 1838537783 a prime number?
True
Is 165899829991 composite?
True
Is 4205502649 prime?
True
Is 157787431 composite?
False
Is 19490958814 a composite number?
True
Is 16851405061 prime?
False
Is 814743947 prime?
True
Is 636779369 a prime number?
False
Is 411827178865 composite?
True
Is 11602538939 composite?
False
Is 564234017 a composite number?
True
Is 27843945947 prime?
False
Is 16515921517 a prime number?
False
Is 33310752077 composite?
False
Is 1612282849 composite?
False
Is 1678484519 composite?
False
Is 23999952941 a prime number?
True
Is 6358497527 prime?
True
Is 1277350997 a composite number?
True
Is 100695898697 a composite number?
False
Is 982712233 prime?
True
Is 28761971261 composite?
False
Is 457506557 composite?
True
Is 81589829 prime?
True
Is 779175823 prime?
False
Is 17993803433 a prime number?
True
Is 25817498173 a composite number?
False
Is 38108181347 a prime number?
False
Is 1638260119 composite?
True
Is 10006759837 prime?
True
Is 1206959879 prime?
False
Is 849442817 a composite number?
True
Is 613154231 prime?
False
Is 3669761351 composite?
False
Is 1025891083 composite?
True
Is 786722639 composite?
False
Is 2476093759 prime?
False
Is 3117061153 prime?
True
Is 2297683793 composite?
False
Is 3039495889 prime?
True
Is 62576567257 a prime number?
True
Is 140432286929 prime?
False
Is 652413917803 a prime number?
True
Is 185239073 prime?
True
Is 500857139 a prime number?
False
Is 859554757 a prime number?
True
Is 86803180019 prime?
False
Is 102322381 a composite number?
True
Is 3660504929 a composite number?
False
Is 1579030681 a composite number?
False
Is 37338320122 a composite number?
True
Is 1964387923 a composite number?
True
Is 5519763737 prime?
True
Is 392528197 composite?
True
Is 110485649 composite?
False
Is 5608243529 prime?
False
Is 99740122197 composite?
True
Is 4235810539 composite?
False
Is 4684741 a prime number?
False
Is 859814517 a composite number?
True
Is 10998648013 composite?
False
Is 106830121 a prime number?
False
Is 1833213491 prime?
False
Is 223696133 a prime number?
True
Is 125348731 a composite number?
False
Is 2691579389 prime?
True
Is 1995784981 a prime number?
True
Is 8252518997 composite?
False
Is 8210625133 prime?
False
Is 54584404363 composite?
True
Is 271696459 a composite number?
False
Is 2526950527 a prime number?
False
Is 1346187901 composite?
False
Is 5451082711 composite?
True
Is 560962559 a prime number?
False
Is 2808807073 prime?
False
Is 1924839521 a prime number?
False
Is 4953735217 composite?
False
Is 786503399 composite?
True
Is 401298817 a composite number?
False
Is 4284811907 prime?
True
Is 132240587021 a composite number?
False
Is 605884973 composite?
False
Is 363341207 a prime number?
False
Is 183104921 prime?
False
Is 38778676709 a composite number?
False
Is 2916389063 a prime number?
False
Is 3577278983 prime?
False
Is 6362398397 prime?
False
Is 430237393 composite?
True
Is 1314762094 a prime number?
False
Is 21245829331 a prime number?
True
Is 3706707 a prime number?
False
Is 20651414767 a composite number?
False
Is 44479423 a composite number?
False
Is 4493309323 prime?
True
Is 7128833731 a composite number?
False
Is 2107807811 composite?
False
Is 9020514521 prime?
True
Is 167307181 a prime number?
True
Is 3871023899 prime?
True
Is 785797463 composite?
True
Is 143893933454 a prime number?
False
Is 390628367 prime?
True
Is 2746710537 composite?
True
Is 8833271149 a composite number?
False
Is 18854903129 a prime number?
True
Is 137701073 prime?
True
Is 165780171197 prime?
False
Is 15409396577 prime?
True
Is 2042440133 a composite number?
True
Is 106813813 a composite number?
True
Is 61805695003 composite?
True
Is 3084823711 a prime number?
True
Is 18429674699 a prime number?
True
Is 279481661 a prime number?
False
Is 192474276541 a prime number?
True
Is 715174483 prime?
True
Is 23264200209 prime?
False
Is 9352790539 a prime number?
True
Is 26662297517 a prime number?
True
Is 11559957358 prime?
False
Is 351286219 prime?
False
Is 17028909721 prime?
False
Is 458993597 prime?
False
Is 29445783229 a composite number?
False
Is 47942801 a prime number?
True
Is 35899379743 a composite number?
False
Is 57784687511 composite?
True
Is 12947767807 prime?
False
Is 51957914009 composite?
True
Is 19622195563 prime?
True
Is 26928773 a prime number?
True
Is 22463269111 composite?
False
Is 300989317 prime?
False
Is 711076849 prime?
False
Is 27443872301 composite?
False
Is 631685251 composite?
True
Is 867902557 a prime number?
